he tens digit of r?
3
Let q = 181 - 124. Let s = -37 + q. What is the tens digit of s?
2
Suppose -3*f = -2*c - 27, -2*f = c - 0*f + 3. What is the units digit of 6*2*c/(-12)?
9
Let n be 6*-1*3/(-9). Suppose 0*i = n*i. Suppose 3*d - d + a - 22 = i, 0 = -2*d + 2*a + 16. What is the units digit of d?
0
Let p = 8 - 6. Suppose -4*f = 2*k - 12, -11 = -4*f + 5. What is the units digit of (k - -5) + p/(-2)?
2
Let v = 24 + -1. What is the tens digit of v?
2
Let b = -46 + 78. Suppose 5*i = i + b. What is the units digit of i?
8
Let w = 8 + -11. Let g = -85 + 84. Let u = g - w. What is the units digit of u?
2
Suppose 9 = 2*g + 3. Let w = 5 - g. What is the units digit of w?
2
Suppose -3*w = -4*w + 98. What is the tens digit of w?
9
Let q = 778 - 411. What is the hundreds digit of q?
3
Let c(z) = 0*z - 2*z + 0*z. Suppose 0 = p - 4*p - 21. What is the tens digit of c(p)?
1
Suppose -3*i + 2*p + 56 = 0, 0*p = 5*i - 2*p - 96. What is the units digit of i?
0
Let x(u) = -u**3 + 7*u**2 + 4*u - 7. What is the tens digit of x(7)?
2
Let w be (-1 - (-1 + 3)) + 35. Let h = w - 15. What is the units digit of h?
7
Suppose -4*p - 2*a = 36, 3*p - 5*a - 9 + 36 = 0. Let n = 30 - 20. Let b = p + n. What is the units digit of b?
1
Let s = 18 + -15. Suppose -82 = -s*v - 22. What is the units digit of v?
0
Suppose 7 = -3*v + 4*c - 2, 0 = -2*v + 4*c - 6. Let a = v + 8. What is the units digit of a?
5
Let r = 61 + -36. Suppose -3*u = 2*u + r. Let i = -3 - u. What is the units digit of i?
2
Let m(i) = 25*i**3 - i**2. Let b be m(1). Let k be b/14 + 10/35. Suppose -2*u = -k*q + 10, 2*q + 3*u + 5 = -0*q. What is the units digit of q?
2
Let t be 6 - 0 - (-2 + 0). Let a = t + 1. What is the units digit of 9/(-6)*(-6)/a?
1
Let u(z) = 3 - 3*z**3 - 4 + 2*z**2 + 2*z**3 + 2*z. Suppose -3*b - 3*j - 3 = 0, 7*j = 5*b + 2*j + 15. What is the units digit of u(b)?
1
Let q be (2 - 1)*(-5)/(-1). Suppose 38 = q*p - 42. Suppose 0 = 2*u - 0*u - p. What is the units digit of u?
8
Let a be -33 - (-3 + 0)*-1. What is the tens digit of 33*-3*8/a?
2
Suppose h + 4*n - 60 = 0, -4*n - 156 = -5*h + 48. What is the tens digit of h?
4
Suppose u = -4*u + 95. Let b = -11 + u. What is the units digit of b?
8
Suppose 5*q - 20 = 5*p, 4*p = -3*q + 3*p - 4. Suppose 0 = l + 2*w - 1 - 1, 5*l - 5*w - 40 = q. What is the units digit of (26/l)/(1/3)?
3
Let z = -2 - -9. Let f(y) = -y + 13. What is the units digit of f(z)?
6
Let o(c) = -c**2 - 10*c - 7. Let p be o(-9). Suppose p*l = 2 + 2. What is the units digit of l?
2
Let d(p) = p**2 - 8*p - 20. Let t be d(10). Let u(a) = a**2 + 51. What is the units digit of u(t)?
1
Let r(f) = f**3 + 3*f**2 - 6*f - 3. Let u be r(-4). Suppose 4*s + 5*g - 1 = 0, -5*s + 1 + 4 = u*g. Let m = s + 0. What is the units digit of m?
4
Let x = 11 + -14. Let c = x + 13. What is the units digit of c?
0
What is the tens digit of 6/33 - 735/(-11)?
6
Let h be (-18)/24 - (-182)/8. Suppose -2*d = -0*d - h. What is the units digit of d?
1
Let i(j) = -j. Let n be i(-2). Suppose 2*x = 3*w - 54, -3*x = 2*w + n*w - 55. What is the tens digit of w?
1
Suppose -24*t + 82 = -22*t. Let f(s) = 8*s + 1. Let a be f(3). Let d = t - a. What is the units digit of d?
6
Let s = 2 - 6. Let y = s + 8. Suppose -y*x - 18 = -6, 20 = o - 4*x. What is the units digit of o?
8
Let y(t) = -t**2 + 3*t + 4. Let h be y(3). What is the units digit of (-4)/h + (1 - -1)?
1
Suppose 2*p + 8 = 2*j, 2 = -j - 3*j - 5*p. Suppose 0 = -3*o + 3*x + 96, 5*x - 92 = -2*o - 0*x. Suppose g - o = -j*g. What is the tens digit of g?
1
Let f(v) = v**2 + 5*v - 3. Let x be f(-6). Suppose -2*n = -2*d + 2, -x*d - 2*d + 5 = -4*n. Suppose -o + 2 = -n*o. What is the units digit of o?
2
Suppose c + 1 - 4 = 0. Suppose y - 3 = c. Suppose -y*u + 4 = -2*u. What is the units digit of u?
1
Let j be (-620)/(-45) - 4/(-18). Let v = j + 0. What is the tens digit of v?
1
Let f(i) = 7*i**2 + 5*i - 1. What is the tens digit of f(-4)?
9
Suppose -3*j = 4*c - 243 - 31, -3*j - 5*c + 275 = 0. What is the tens digit of j?
9
Let a be -1 + 29 - 0/(-1). Suppose a = 4*z - 24. What is the units digit of z?
3
Suppose 81 = 5*d - 2*z, 4*d = 5*z + 8 + 50. What is the units digit of d?
7
Let f(m) = -2 + m**3 + m**2 - 3 + 1 - 3*m. Let p be f(-3). Let h = p - -18. What is the units digit of h?
5
Let n(q) = 2*q**2 + 7*q + 5*q**2 - 5 - 3*q**2 - 3*q**2. What is the tens digit of n(-9)?
1
Suppose u - 1 = 1. Let o = u + 0. Suppose 5*w - 10 = 0, -3*b + 5*b - 10 = -o*w. What is the units digit of b?
3
Suppose 2*r + z - 87 = -4*z, -4*r = -4*z - 160. Suppose -n - 2*q - 16 = 3*q, -3*n = -4*q - 28. Suppose 5 - r = -n*o. What is the units digit of o?
9
Let b(g) = 2*g + 4. What is the tens digit of b(4)?
1
Let o(l) be the third derivative of l**4/24 - 3*l**3/2 + 6*l**2. What is the units digit of o(11)?
2
Let z be -4*((-8)/6 + 1)*-3. Let o be 2 + (23 - (-2 - -4)). Let r = z + o. What is the units digit of r?
9
Let m(v) = -2*v**2 + 4*v. Let b be m(3). Let j be 2*((-9)/b - 0). Suppose -11 = -x + 2*p, 0*x - 27 = -j*x + 4*p. What is the units digit of x?
5
What is the tens digit of (-32)/(-3)*63/28?
2
Let u(d) = -d - 2. Let v be u(-10). Suppose -k - 30 = -5*t - 6*k, 2*k - v = -t. Suppose 0 = -2*n - 4*w + 13 + 1, t*n - 58 = -2*w. What is the tens digit of n?
1
Let k be 10/(-75) + 26/(-30). What is the tens digit of ((-48)/(-2))/(2 + k)?
2
Suppose 2*w - j - 7 = 2*j, j - 1 = 0. What is the units digit of (10/(-4))/w*-18?
9
Let i be 1 + 0 - -22*2. What is the units digit of -2 - -2*i/6?
3
Let d(w) = w + 9. What is the units digit of d(-7)?
2
Let x(a) = -a**2 - 5*a - 3. Let u be x(-2). What is the units digit of (0 + u)/((-2)/(-24))?
6
Suppose 5*b - 81 = -2*a, 2*a = -a + 5*b + 84. What is the units digit of a?
3
Let v = -49 - -81. What is the units digit of v?
2
What is the units digit of 324 + 2 + 0 + 0/3?
6
Suppose -5*q = -41 - 379. Let s = q - 58. What is the tens digit of s?
2
Suppose 0*h - 2*h = -6. Suppose -2*k + 2 = 0, 2*b - 2*k + h - 27 = 0. What is the tens digit of b?
1
Let m be 6 + (-1)/(-2)*0. Suppose m + 16 = q. What is the tens digit of q?
2
Suppose 2*f - u = 2, -u - 8 = -7*f + 2*f. Suppose -5*s - 5 = -o + 34, -2*o + 38 = -f*s. What is the units digit of o?
4
Suppose f + 3*g - 6 = 0, 8 = f + 4*g - 1. Suppose 0 = -2*i + 5*p - 29, 4*p + p = 25. Let n = i - f. What is the units digit of n?
1
Let o = 38 - -52. What is the tens digit of o?
9
Let m = 274 - 167. What is the units digit of m?
7
What is the units digit of ((-24)/5)/(1*(-4)/180)?
6
Suppose 3*i = -3*j, 4*i + 0*i + 3 = -3*j. Suppose 3 = 3*g + j*q, -q - 4 = -3*g - 5*q. Suppose g = 2*c + c - 21. What is the units digit of c?
7
Let u = 2 - -1. Suppose -2*j + u = -1. What is the units digit of j?
2
Let g(b) = 2*b**2 + 5*b - 3*b**2 + 2*b - b. What is the units digit of g(5)?
5
Suppose -5*u = -12*u + 2639. What is the hundreds digit of u?
3
Let l be 1820/15 + (-2)/6. Suppose 0 = 2*a - 2*s - 82, -2*a - 3*s + l = 44. What is the units digit of a?
0
Suppose -x + 167 = -4*b, 3*b + 5*x = 8*b + 205. Let j = -28 - b. Suppose -4*z = -3*k + 5, 1 = 5*k - j. What is the units digit of z?
1
Suppose -3*u + 3 = -3. Suppose -u = 2*k - 4. What is the units digit of k?
1
Let m(w) = 2*w**2 - 6*w - 10. What is the tens digit of m(-5)?
7
Let i be 6/10 - (-189)/35. Let u = 7 + i. What is the units digit of u?
3
Let m(o) = -11*o - 5. What is the units digit of m(-5)?
0
Suppose -2*p - 275 = -7*p. What is the tens digit of p?
5
What is the units digit of (-3810)/(-75) + 2/10?
1
Let m(w) = w**3 - 7*w**2 + 4*w + 2. Let u be m(6). Let h = u + 22. What is the units digit of h?
2
Let d be (-75)/(-10)*8/10. What is the units digit of (-28)/d*(-3)/2?
7
Suppose 3*o - 3*h = 741, -2 - 2 = h. What is the tens digit of o?
4
Let b = 1 - -1. Suppose 3*n = 4*d - 19, b*n = -2*d - 3*d + 41. What is the units digit of d?
7
Let a be (-14)/4*16/(-28). What is the units digit of (0 - -6)/(a/3)?
9
Let n = 48 + -24. Suppose 0 = 3*c - n - 9. What is the tens digit of c?
1
Suppose -5*j - 4*n + 5*n + 352 = 0, 2*j = -3*n + 134. Suppose -3*q - 4*q = -j. What is the units digit of q?
0
Let z(s) = -7*s - 28. Let d = -30 + 18. What is the units digit of z(d)?
6
Suppose 457 = 7*u - 1048. What is the tens digit of u?
1
Suppose 5*z = -0*v + 2*v + 20, -2*z + v + 7 = 0. What is the units digit of (2/(-3))